reds digit of 22702?
7
What is the thousands digit of 5695?
5
What is the tens digit of 29491?
9
What is the hundreds digit of 2032?
0
What is the units digit of 102642?
2
What is the tens digit of 9724?
2
What is the hundreds digit of 1392?
3
What is the units digit of 70379?
9
What is the hundreds digit of 909?
9
What is the thousands digit of 4307?
4
What is the hundreds digit of 3350?
3
What is the units digit of 9748?
8
What is the hundreds digit of 19052?
0
What is the units digit of 3036?
6
What is the ten thousands digit of 75260?
7
What is the thousands digit of 21823?
1
What is the tens digit of 396?
9
What is the thousands digit of 14510?
4
What is the units digit of 1351?
1
What is the thousands digit of 59792?
9
What is the hundreds digit of 145?
1
What is the hundreds digit of 4020?
0
What is the hundreds digit of 7456?
4
What is the ten thousands digit of 36174?
3
What is the hundreds digit of 3934?
9
What is the units digit of 18575?
5
What is the units digit of 993?
3
What is the thousands digit of 114022?
4
What is the hundreds digit of 2457?
4
What is the units digit of 413?
3
What is the thousands digit of 3561?
3
What is the tens digit of 631?
3
What is the units digit of 1726?
6
What is the tens digit of 528?
2
What is the hundreds digit of 347?
3
What is the units digit of 1163?
3
What is the units digit of 1098?
8
What is the units digit of 1992?
2
What is the units digit of 107031?
1
What is the units digit of 127090?
0
What is the tens digit of 46?
4
What is the tens digit of 9972?
7
What is the units digit of 60626?
6
What is the tens digit of 552?
5
What is the thousands digit of 1145?
1
What is the units digit of 364?
4
What is the hundreds digit of 754?
7
What is the hundreds digit of 2069?
0
What is the units digit of 57029?
9
What is the hundreds digit of 2011?
0
What is the tens digit of 736?
3
What is the hundreds digit of 16007?
0
What is the units digit of 1027?
7
What is the units digit of 74021?
1
What is the units digit of 7069?
9
What is the units digit of 71887?
7
What is the tens digit of 216?
1
What is the units digit of 20305?
5
What is the hundreds digit of 7572?
5
What is the ten thousands digit of 14460?
1
What is the units digit of 41014?
4
What is the thousands digit of 23269?
3
What is the thousands digit of 37827?
7
What is the tens digit of 2017?
1
What is the tens digit of 10261?
6
What is the units digit of 46?
6
What is the tens digit of 403?
0
What is the tens digit of 674?
7
What is the units digit of 35395?
5
What is the units digit of 18125?
5
What is the hundreds digit of 286?
2
What is the tens digit of 28165?
6
What is the units digit of 5781?
1
What is the ten thousands digit of 14820?
1
What is the hundreds digit of 836?
8
What is the hundreds digit of 62706?
7
What is the thousands digit of 7513?
7
What is the units digit of 2344?
4
What is the ten thousands digit of 52244?
5
What is the units digit of 15676?
6
What is the tens digit of 3393?
9
What is the hundreds digit of 539?
5
What is the tens digit of 4248?
4
What is the ten thousands digit of 70332?
7
What is the units digit of 33018?
8
What is the hundreds digit of 3741?
7
What is the hundreds digit of 59677?
6
What is the thousands digit of 10419?
0
What is the hundreds digit of 557?
5
What is the units digit of 2197?
7
What is the thousands digit of 59174?
9
What is the tens digit of 378?
7
What is the hundreds digit of 129821?
8
What is the tens digit of 44671?
7
What is the hundreds digit of 27387?
3
What is the ten thousands digit of 18634?
1
What is the ten thousands digit of 10409?
1
What is the thousands digit of 11073?
1
What is the hundreds digit of 1183?
1
What is the hundreds digit of 738?
7
What is the units digit of 10?
0
What is the hundreds digit of 227?
2
What is the thousands digit of 29762?
9
What is the units digit of 2010?
0
What is the thousands digit of 65445?
5
What is the ten thousands digit of 10159?
1
What is the tens digit of 77796?
9
What is the hundreds digit of 1862?
8
What is the tens digit of 29264?
6
What is the hundreds digit of 1442?
4
What is the tens digit of 1196?
9
What is the tens digit of 765?
6
What is the ten thousands digit of 29262?
2
What is the tens digit of 13987?
8
What is the units digit of 80?
0
What is the units digit of 3151?
1
What is the thousands digit of 2856?
2
What is the units digit of 71754?
4
What is the tens digit of 789?
8
What is the hundreds digit of 463?
4
What is the hundreds digit of 992?
9
What is the ten thousands digit of 41170?
4
What is the units digit of 80530?
0
What is the units digit of 621?
1
What is the hundreds digit of 1160?
1
What is the thousands digit of 1955?
1
What is the hundreds digit of 1428?
4
What is the tens digit of 26711?
1
What is the tens digit of 2379?
7
What is the tens digit of 1055?
5
What is the units digit of 76663?
3
What is the units digit of 44314?
4
What is the thousands digit of 56674?
6
What is the hundreds digit of 246?
2
What is the tens digit of 31198?
9
What is the tens digit of 8920?
2
What is the ten thousands digit of 56253?
5
What is the hundreds digit of 18484?
4
What is the units digit of 3013?
3
What is the tens digit of 539?
3
What is the ten thousands digit of 11869?
1
What is the units digit of 23589?
9
What is the hundreds digit of 3232?
2
What is the units digit of 39232?
2
What is the thousands digit of 61546?
1
What is the units digit of 22668?
8
What is the tens digit of 76?
7
What is the units digit of 10850?
0
What is the hundreds digit of 18261?
2
What is the thousands digit of 14233?
4
What is the units digit of 2834?
4
What is the tens digit of 150?
5
What is the thousands digit of 4748?
4
What is the units digit of 790?
0
What is the thousands digit of 40192?
0
What is the thousands digit of 14866?
4
What is the units digit of 751?
1
What is the units digit of 18388?
8
What is the hundreds digit of 2906?
9
What is the ten thousands digit of 62595?
6
What is the tens digit of 734?
3
What is the thousands digit of 1640?
1
What is the units digit of 20915?
5
What is the units digit of 31049?
9
What is the units digit of 20553?
3
What is the tens digit of 4392?
9
What is the units digit of 750?
0
What is the units digit of 89227?
7
What is the tens digit of 78?
7
What is the thousands digit of 3108?
3
What is the hundreds digit of 5181?
1
What is the tens digit of 1166?
6
What is the ten thousands digit of 23175?
2
What is the thousands digit of 5481?
5
What is the thousands digit of 2419?
2
What is the thousands digit of 13814?
3
What is the thousands digit of 9549?
9
What is the tens digit of 39772?
7
What is the units digit of 465?
5
What is the tens digit of 49304?
0
What is the ten thousands digit of 125420?
2
What is the tens digit of 3049?
4
What is the hundreds digit of 11150?
1
What is the thousands digit of 5314?
5
What is the units digit of 1430?
0
What is the tens digit of 532?
3
What is the ten thousands digit of 20162?
2
What is the hundreds digit of 5870?
8
What is the ten thousands digit of 77117?
7
What is the tens digit of 459?
5
What is the tens digit of 2299?
9
What is the tens digit of 125?
2
What is the units digit of 13136?
6
What is the units digit of 5486?
6
What is the units digit of 307?
7
What is the tens digit of 2233?
3
What is the units digit of 2600?
0
What is the thousands digit of 4593?
4
What is the tens digit of 9901?
0
What is the hundreds digit of 56310?
3
What is the ten thousands digit of 14595?
1
What is the tens digit of 81105?
0
What is the hundreds digit of 626?
6
What is the units digit of 4188?
8
What is the thousands digit of 36682?
6
What is the units digit of 1238?
8
What is the units digit of 14131?
1
What is the tens digit of 1824?
2
What is the units digit of 2768?
8
What is the units digit of 783?
3
What is the hundreds digit of 1330?
3
What is the hundreds digit of 33886?
8
What is the hundreds digit of 27523?
5
What is the tens digit of 35459?
5
What is the tens digit of 48909?
0
What is the units digit of 16716?
6
What is the units digit of 535?
5
What is the tens digit of 5127?
2
What is the units digit of 428?
8
What is the thousands digit of 1856?
1
What is the units digit of 65939?
9
What is the thousands digit of 89506?
9
What is